 digit of (q - 2)/((-1)/159)?
1
Let c(q) = q**2 - 17*q - 36. Let a be c(19). Suppose 4*s - 363 = -a*d + 301, -4*d - 5*s + 1337 = 0. What is the hundreds digit of d?
3
Let i be (3/((-3)/125))/(9 - 10). Let b = 138 - 78. Let o = i - b. What is the tens digit of o?
6
Suppose -121*q + 4*d = -120*q - 20522, -5*q + 2*d = -102628. What is the thousands digit of q?
0
Suppose 3*y - 3*g - 9 = 0, 3 + 26 = 3*y + g. Suppose 2*f + 3*f + 3*s - 472 = 0, 0 = -3*f - s + 280. Suppose -y*p + 652 = -f. What is the tens digit of p?
9
Suppose 9*f - 8*f - 44 = 0. Let a = -33 + f. Suppose -8*u + a*u - 231 = 0. What is the units digit of u?
7
Suppose 3*g - 11*g + 920 = 0. Suppose g + 79 = 2*l. Let b = 186 - l. What is the tens digit of b?
8
Let f be (-4 + -4 + 9)*6. Let p be 172/f - (-1)/3. Suppose p*c = 30*c - 33. What is the tens digit of c?
3
Let x be -16 + (1 + 1)*-1. Let k = -20 - x. Let t(g) = -42*g + 7. What is the tens digit of t(k)?
9
Let k(x) = x - 40. Let w(i) = 3*i**3 + 10*i**2 - 5*i - 8. Let q be w(-4). Let t be k(q). What is the hundreds digit of t/390 + (-5490)/(-26)?
2
Suppose y - 4*y = 3, 2*y - 112 = 3*p. Let m be 1/(p/96 + (-1)/(-3)). What is the units digit of (-3056)/m + -4 + 0?
7
Let q(p) = -p**3 + 8*p**2 - 9*p + 14. Let m be q(7). Suppose 3*h + 205 - 634 = m. Let y = h - -1. What is the tens digit of y?
4
Let s = -8 - -8. Suppose s = 5*t + 6*a - 2*a + 58, -t + 4*a - 2 = 0. What is the units digit of 2 - t/(-4) - (-161)/2?
0
Let v(r) = r**2 + 3*r + 7. Suppose -a - m - 4 = 0, -2*m - 12 - 3 = 3*a. Let j be v(a). Suppose 30*q = j*q - 875. What is the hundreds digit of q?
1
Suppose -144*l + 131*l + 78 = 0. Suppose x = -4*q + 740, 0 = -l*x + x + 3*q + 3815. What is the units digit of x?
0
Suppose j - 1910 = -4*j. Suppose -1565 = 377*n - j*n. What is the tens digit of n?
1
Let x(t) be the second derivative of -4*t**3/3 + 27*t**2/2 - 11*t. Let q be x(-12). Let m = 244 - q. What is the units digit of m?
1
Let c(p) = -9*p**3 - 45*p**2 + 10*p + 26. What is the hundreds digit of c(-11)?
4
Suppose -30*f + 1165448 - 399968 = 0. What is the thousands digit of f?
5
Let h(i) be the second derivative of -5/2*i**3 - 25*i + 0 + 9*i**2. What is the tens digit of h(-11)?
8
Let o = 292 + -290. Suppose -4*p + 2*r + 1584 = 200, 2*p = -o*r + 686. What is the units digit of p?
5
Let z = 91679 - 40820. What is the thousands digit of z?
0
Suppose -3*c + 0*c + 888 = 0. Let h be (-153)/(-85)*(-100)/(-30). Suppose 286 = h*w - c. What is the tens digit of w?
9
Let m(g) = g**3 - 6*g**2 + g + 2. Let v(x) = -x**2. Let w(a) = 2*m(a) - 6*v(a). Let z = -9 + 13. What is the units digit of w(z)?
4
Let u(o) = 48*o**2 + 50*o + 724. What is the ten thousands digit of u(-19)?
1
Let a = -75000 - -110262. What is the ten thousands digit of a?
3
Let t(x) = x**2 - 11*x - 19. Let f be t(13). Suppose -6*d + f = -29. Suppose d*n - n + m = 303, 0 = 3*n - 4*m - 191. What is the units digit of n?
1
Suppose 316*m - 331*m + 18376 = -12419. What is the tens digit of m?
5
Let m be ((-6)/(-9))/(2/(-6)) - -163. Let w = m + -92. Let j = -5 + w. What is the tens digit of j?
6
Suppose g - 3*d - 21 = -0*g, 4*g + 4*d - 4 = 0. What is the tens digit of 0*(-2)/g + 491?
9
Let w be 38 + (2 + -3)/((-2)/6). Suppose w*x + 126 = 38*x. Let m = x + 113. What is the tens digit of m?
7
Suppose 4*b = -z, 10*z - 13*z = -b + 13. What is the hundreds digit of (4 + b - 640/(-2)) + -4?
3
Suppose -o + 388 = 3*r, -2*r + 5*r - 2*o = 376. Suppose 3*k - 31 = 6*i - 7*i, -2*i = -4*k + 48. Let q = r - k. What is the units digit of q?
7
Let u = 120 + -237. Let v = 120 + u. Suppose 0 = v*k - 467 - 52. What is the hundreds digit of k?
1
Let a(i) = -i**3 + 6*i**2 + 8*i - 1. Suppose 4*f - 27 = -11. What is the tens digit of a(f)?
6
Suppose 0 = 121*l - 123*l + 4*g + 35602, -5*l = -g - 89041. What is the units digit of l?
9
Let h be (-3)/(2/2)*1/(-1). Suppose -a + 5*m + 707 = 0, -a + h*m = -4*a + 2049. Suppose -4*l + a = -l - 3*s, s - 231 = -l. What is the units digit of l?
0
Let j = -147191 + 222789. What is the ten thousands digit of j?
7
Let r(u) be the first derivative of 28*u**3/3 - u**2 + 4*u - 76. What is the hundreds digit of r(2)?
1
Let y be 774/8 + 2/8. Suppose a - 83 - y = 0. What is the tens digit of a?
8
Let j = -34 + 49. Suppose -3 = 6*r + j. What is the tens digit of -45*((r + -1)/(-4))/(-3)?
1
Suppose -4*v = -w - 6, -6*v + 21 = w - v. Let g be (88/w)/(14/(-42)). Let l = 134 + g. What is the units digit of l?
0
Let u be (-6)/10 + (91/35 - -6). What is the hundreds digit of u + 9 + 7749/7?
1
Let f = -223 - -382. Let i = f - 130. What is the units digit of i?
9
Let t = -17 + 7. Let l be ((-5)/2)/(t/20). Suppose 0 = 2*j + 2*x - 290, 2*j + l*x = -1 + 291. What is the units digit of j?
5
Let d(o) = 81*o**3 - o**2 - o + 1. Let i = -52 + 16. Let m = 37 + i. What is the units digit of d(m)?
0
Suppose 4*n = p - 5*p, 4*n - 5 = p. What is the units digit of (4 + 1/(p/2))/1?
2
Suppose -5*d = -2*r - 6*d + 17446, -3*d = -4*r + 34882. What is the hundreds digit of r?
7
Let c = -221 + 239. Let j = -3 - 0. What is the tens digit of 1 + c + (-12)/j + -1?
2
Suppose 3*g = -28*m + 23*m + 156273, 0 = -2*m - 5*g + 62494. What is the hundreds digit of m?
2
What is the tens digit of (8/(-64))/(32/(-3875584))?
3
Let g(m) = -2*m**2 + 10*m + 104. Let a be g(10). What is the tens digit of 6/a*(-2836)/(-6)?
0
Let s(q) = q**3 + 10*q**2 + 23*q + 14. Let l be s(-7). What is the hundreds digit of 6/(l + (-15)/(-605))?
2
Let j = 5314 - 1431. What is the thousands digit of j?
3
Suppose 0 = 29*q - 799570 - 307099. What is the ten thousands digit of q?
3
Let f(d) = 8*d**2 - 60*d - 168. What is the thousands digit of f(-27)?
7
Let i be (-393)/2 + ((-351)/(-18))/(-13). Let o = 334 + i. What is the units digit of o?
6
Let g = 27 - 25. Suppose f - 453 = -g*f. Suppose -5*v - 320 = -5*l, 3*v - f - 105 = -4*l. What is the tens digit of l?
6
Let p(k) = -7*k + 31. Let q be p(13). Let w be 4 - 10/3*q/50. Suppose 379 = w*n - 789. What is the hundreds digit of n?
1
Let w = -1448 - -1496. What is the units digit of w?
8
Let v(k) = 3*k**3 + 213*k**2 + 229*k + 139. What is the ten thousands digit of v(-69)?
1
Suppose 3*v + 3*z = 27567, -28 = -9*z + 5*z. What is the tens digit of v?
8
What is the hundreds digit of (-1206)/(-17487) - (-1451272)/58?
0
Let r = 42 - 34. Suppose 0 = 7*c - 6 - r. Suppose 4*g - c*g + 5*v - 240 = 0, 0 = v - 2. What is the units digit of g?
5
What is the ten thousands digit of 24/(-15) + (-16029024)/(-440)?
3
Let k be 1341 - ((-18)/6 - -10). Suppose -837 = q + 5*c - 2169, -q + k = 4*c. What is the thousands digit of q?
1
Let t = -111 + 217. Suppose 3*o - t + 94 = 0. Let l(v) = 2*v**3 - 3*v**2 - 7*v. What is the tens digit of l(o)?
5
Suppose 0 = -3*j - 3*x + 21939 + 20019, x = -5*j + 69938. What is the ten thousands digit of j?
1
Let h = 43 - -291. Suppose 2*t - h = 594. What is the units digit of t?
4
Let y be 4/10 - 4798/(-5). Let a = y - 331. What is the tens digit of a?
2
Let i(k) = -12*k + 6*k - 15*k + 1729 - 2*k - 3*k. What is the hundreds digit of i(0)?
7
Suppose -4*t = -0*b - b + 1782, 4*b - 5*t - 7073 = 0. Suppose 6*y = -610 + b. What is the units digit of y?
2
Let u(n) be the first derivative of -127*n**4/2 + 7*n**3/3 + 7*n**2/2 + 5. What is the tens digit of u(-1)?
5
Let b(p) = -p**3 - 17*p**2 - 16*p + 8. Let n be b(-16). Suppose -n*a = -7*a. Suppose f + 3*q - 18 = -6, -2*q - 6 = a. What is the tens digit of f?
2
Let u be 2 + -3*1/1. Let j(q) = 117*q**2 + 4*q + 2. What is the units digit of j(u)?
5
What is the hundreds digit of (8/5)/((-18)/(-635010)) + 106/(-318)?
4
Let c = 204 - 201. Suppose c*a = -2*z + 1180, 10*z - 5*z - 2964 = -4*a. What is the hundreds digit of z?
5
Suppose 1185*z - 1226*z + 177407 = 0. What is the units digit of z?
7
Suppose 140*z - 165*z + 513627 = -59973. What is the tens digit of z?
4
Let k(s) be the third derivative of s**6/120 + s**5/10 - s**4/12 + s**3/6 + 21*s**2. Suppose -4*z - 10 = 2. What is the tens digit of k(z)?
3
Let a = 2894 - 2864. What is the units digit of a?
0
Let k = 81245 - 50784. What is the ten thousands digit of k?
3
Let f be 40374/(-15) - (-8)/(-20). What is the units digit of 6*f/(-72) + 2/3?
5
Suppose -3*f - 4*x + 106858 = 0, 5*x = -3*f + 15544 + 91312. What is the ten thousands digit of f?
3
